ppose -3*j + 611 = 146. Suppose -3*c - 4*r = 2*c - 110, 0 = 5*c - 5*r - j. What are the prime factors of c?
2, 13
Suppose 0*k = 4*k + 124. Let y(n) = 17*n + 45. Let s be y(-7). Let f = k - s. What are the prime factors of f?
43
Suppose 15*c - 621 = 12069. What are the prime factors of c?
2, 3, 47
Let h(i) = -i**2 + 8*i + 1. Suppose -x = -b - 4*b + 8, b - 3*x = -4. Suppose -3*o + 18 = v, -b*o - 2*o + 5*v + 24 = 0. What are the prime factors of h(o)?
13
Suppose 6*t - 2*t - l = 12, 2*t - 6 = 5*l. Suppose t = -2*y + 9. Suppose 3*x - 21 = y*u, u + 20 = 3*x + 7. What are the prime factors of x?
3
Suppose -y - 5*c - 2 = -5*y, 5*y - 2*c = -6. Let m(j) = j - 3*j - 3 + 5. List the prime factors of m(y).
2, 3
Suppose 2*n + 3*c = 2*c + 438, -848 = -4*n + 5*c. Let x = -92 + n. List the prime factors of x.
5
Let t(d) = 121*d**2 - 3*d - 2. Let g be t(-1). Suppose -g = -4*b + 2*b. What are the prime factors of b?
61
Let a(b) = -91*b**3 - b**2 - 3*b - 2. Suppose -2 = 9*j - 7*j. List the prime factors of a(j).
7, 13
Suppose -3*y + 413 = -91. Suppose 2*c + 8 = 0, 5*k - k - y = -2*c. List the prime factors of k.
2, 11
Let j = 2 - -4. Suppose -j*c = -c + 20. What are the prime factors of (1/(-3))/(c/276)?
23
Let q = 2141 - -2370. What are the prime factors of q?
13, 347
Let z(t) = -60*t**2 - 5*t - t**3 + 70*t**2 + 3 - 8. What are the prime factors of z(5)?
5, 19
Let g(m) = 3*m + 2. Let q = -11 + 13. Let k be g(q). Let d = 3 + k. List the prime factors of d.
11
What are the prime factors of (-72588)/(-20) + -4 + 4/(-10)?
5, 29
Let g be (-6)/(-9) - (-3)/9. Let s be (g*-23)/(-7 + 8). Let n = 17 - s. What are the prime factors of n?
2, 5
Suppose 0 = 5*h - 3*m - 23, -2*m - 2*m = 4*h - 44. Let w(r) = r**3 - 6*r**2 - 7*r + 8. Let c be w(h). List the prime factors of (13/2)/(4/c).
13
Let b(o) = -o**3 + 5*o**2 + 7*o + 19. Let l be b(8). Let n = l + 178. What are the prime factors of n?
61
Let t = 110 + -229. Let v = -67 - t. What are the prime factors of v?
2, 13
Let k = 3055 - 1029. What are the prime factors of k?
2, 1013
Let u(k) be the first derivative of k**3/3 - 4*k**2 + 6*k + 8. Suppose -a + 2*q = -5, -a + 3*q + 27 = 2*a. List the prime factors of u(a).
71
Suppose b + 3*j - 684 - 3119 = 0, -j + 11441 = 3*b. List the prime factors of b.
5, 7, 109
Let x(o) be the second derivative of -o**5/20 - o**4/12 + 2*o**3/3 + 7*o**2/2 - 7*o. Let m be x(-2). What are the prime factors of -6*m/(-12)*38?
3, 19
Suppose n - 11517 = -4*t, -85*t + n - 8638 = -88*t. List the prime factors of t.
2879
Suppose 4*m + 0 = -5*t + 40, -t - 1 = -m. Suppose t = -2*w + 58. List the prime factors of w.
3
Let y(r) = 2*r - 8. Let b(q) = q - 6. Let p(j) = 4*b(j) - 3*y(j). Suppose -l + 18 = -4*l. What are the prime factors of p(l)?
2, 3
Let c = -414 + 1045. List the prime factors of c.
631
Let i(k) = -5*k - 22. Let a(t) = -65*t - 285. Let j(v) = -3*a(v) + 40*i(v). List the prime factors of j(-12).
5, 7
Let m = -25 + 26. Let h(x) = -25*x**3 - 2*x + 1. Let c be h(m). List the prime factors of (24 + c)/((-4)/50).
5
Suppose 0 = 7*c - 1 - 13. Let g = 100 - c. What are the prime factors of g?
2, 7
Let h(y) = 2*y**2 - 10*y - 5. Let q be h(8). Let x = 96 - q. What are the prime factors of x?
53
List the prime factors of 154/35 + -4 - 171730/(-50).
3, 5, 229
Suppose 3*b - 12 = x, 0*b = 5*b - 3*x - 24. Suppose d = b*d. Suppose d = 2*o + 17 - 99. What are the prime factors of o?
41
Let c = 40 + -35. Suppose 5*x - 4*n = -3*n + 415, c*x + 3*n = 435. What are the prime factors of x?
2, 3, 7
Let g(a) = 2*a**3 + 58*a**2 + 77*a + 16. List the prime factors of g(-27).
853
Let i be (15/25)/((-4)/(-20)). Let w(p) = -1 + 2 + 4*p**2 + i*p**2 + 2*p + 0. What are the prime factors of w(2)?
3, 11
Suppose -66*o + 114386 = -44674. List the prime factors of o.
2, 5, 241
Suppose -7*w + 4*w - 285 = 0. Let t = -23 - w. List the prime factors of t.
2, 3
Let p(o) = 216*o**3 - 2*o**2 - 2*o + 2. Let z = -74 + 75. What are the prime factors of p(z)?
2, 107
Let q = 36 - 0. List the prime factors of q.
2, 3
Let t(l) = l**2 - l - 9. Let j = -13 + 23. What are the prime factors of t(j)?
3
Let p(c) = -c**3 - 9*c**2 - 7*c + 10. Let w be p(-8). Suppose -2*v + 117 = -d, -4*v + 3*v + 63 = -w*d. List the prime factors of v.
3, 19
Let v(g) = -14*g - 2. Let k(t) = 7*t + 1. Let u(b) = 7*k(b) + 3*v(b). Suppose -3*l = 2*z + z + 9, 0 = -3*z - 5*l - 17. What are the prime factors of u(z)?
2
Suppose z = 3*f - 1147, 9*z + 359 = f + 4*z. List the prime factors of f.
2, 3
Let k be -3 + -5*20/(-5). Suppose -y + k = 11. List the prime factors of y.
2, 3
Let s(m) = m**2 - m. Let i(n) = 14*n**2 - 4*n + 6. Let o(d) = i(d) - 6*s(d). What are the prime factors of o(-3)?
2, 3
Suppose 0 = 6*j - j - 25, 0 = 4*t - 5*j - 603. What are the prime factors of t?
157
Let x be (2 - (-12)/(-4)) + 0. Let v(z) = -21*z**3 - z**2 + z + 1. Let c be v(x). Suppose 4*u + 29 = f, -2*u - 53 = -5*f + c. List the prime factors of f.
13
Suppose 265 + 1211 = -4*n + 4*p, -5*p - 759 = 2*n. What are the prime factors of ((-1)/(-2))/((-6)/n)?
31
Let o(n) = -9*n + 11. Let c(g) = -g**2 - 2*g + 9. Suppose 2*m = 2 + 4. Let t be c(m). List the prime factors of o(t).
5, 13
Let p be ((-2)/(-1))/(1*2) - 3. What are the prime factors of 1/(-6)*p*102?
2, 17
Let m(b) = -10*b**3 + 9*b**2 - 16*b - 1. Let g(o) = -3*o**3 + 3*o**2 - 5*o. Let t(d) = -7*g(d) + 2*m(d). What are the prime factors of t(4)?
2, 13
Let d be 175/(-21) + (-2)/3. Let g(k) = k**3 + 11*k**2 + 7*k - 10. Let t be g(-10). Let v = d + t. List the prime factors of v.
11
Suppose -l - 24 + 8 = 0. Let c be (40/l)/(1/(-2)). Suppose -4*r = -c*r + 12. What are the prime factors of r?
2, 3
Let w = -55 + 55. Suppose w = -l + 4*l - 42. What are the prime factors of l?
2, 7
Let z = 887 - -117. What are the prime factors of z?
2, 251
Let d be (7/2)/((-1)/2). Let w(v) = -9*v**2 + v + 5. Let a(j) = 7*j**2 - 2*j - 6. Let k(q) = -5*a(q) - 4*w(q). What are the prime factors of k(d)?
17
Suppose 5*h - 3*f - 75 = 30, 5*f = 0. Let k = h + -37. List the prime factors of (21/6)/((-2)/k).
2, 7
Let u be (520/12)/(4/6). Let q = 72 - u. List the prime factors of q.
7
Let t(h) = -5*h + 19 - 11 - 11 - 3. Let w(u) = 1. Let f(s) = t(s) + 3*w(s). List the prime factors of f(-3).
2, 3
Let o = 19 - 13. Suppose -o*y = -241 - 5. List the prime factors of y.
41
Suppose 22*i - n = 25*i - 10688, -4*n = 2*i - 7132. List the prime factors of i.
2, 13, 137
Let q(t) = 2*t**2 + 2*t + 1. Let s be q(-2). Let o(g) = 4*g**3 - 7*g**2 - 2*g + 5. Let d be o(s). What are the prime factors of 2/10 - d/(-25)?
13
List the prime factors of 3/(36/24)*859.
2, 859
Suppose -4*i - i = -2255. Suppose 0 = 3*q - i + 55. List the prime factors of q.
2, 3, 11
Let f be (-2 - (-10)/8)/(2/(-152)). Suppose 7*q - 206 = 2*q - 2*j, -5*q + 185 = -5*j. Let b = f - q. What are the prime factors of b?
17
Let h(w) = w**2 - 2*w**2 - 12*w + 11 - 3 + 11*w. Let q be h(-5). Let f = q + 29. List the prime factors of f.
17
Let x be 1/(-1)*0/(-7). Suppose -k + 18 + 18 = x. Suppose k - 3 = 3*p. What are the prime factors of p?
11
Let r = 97 - 67. Let b be (7 + -8)/((-1)/10). Let t = r - b. What are the prime factors of t?
2, 5
Suppose 3*r + 105 = v + r, v = -4*r + 117. Suppose 3*q = 98 + v. List the prime factors of q.
3, 23
Let d = -2336 - -3271. List the prime factors of d.
5, 11, 17
Let h(u) = -4*u + 10. Let g be h(3). What are the prime factors of 51*((-16)/6)/g?
2, 17
Suppose 3*d = 2*d + 3. Suppose -d*t = 4*c - 15, -2*t + 10 = -4*c + 8*c. Suppose t*p - 15 + 5 = 0. What are the prime factors of p?
2
Suppose -5*y - 9814 = -4*j, 0 = 108*y - 113*y + 10. List the prime factors of j.
2, 307
What are the prime factors of 0 + -2*(-4 - (-1115)/(-2))?
1123
Suppose -3*x + 15 = -2*x. Suppose p = -x + 17. Suppose -22 - 50 = -p*l. List the prime factors of l.
2, 3
Let m(r) = -r - 8. Let h be m(-12). Suppose 3*g - 4*d = -0*d - 7, h*g - d = 8. List the prime factors of 90/2 - (g - 0).
2, 3, 7
Let q(m) = m - 5. Suppose 3*u + u = 20. Let k be q(u). Suppose y - 2*y + 32 = k. List the prime factors of y.
2
Let j be ((-15)/(-10))/((-3)/(-18)). List the prime factors of -3*((-129)/j + -2).
7
Let c(y) = -2*y**3 - 6*y**2 - 6*y + 7. Let t = 4 - 9. What are the prime factors of c(t)?
137
Let z(k) = 4*k**2 + 2*k - 12. Let n be z(8). Let v = 536